(0 - (-117)/c) is divided by 20?
18
Let f(i) = -20*i + 3. Let k be f(-4). Let g be (-1)/((-1)/k) + -3. What is the remainder when 69 is divided by ((-9)/(-4))/(10/g)?
15
Suppose -2*f + 10 = 0, -3*z = -z - 3*f - 17. Suppose 3*y = 2*l - 3 + z, 0 = -y - 4*l + 9. What is the remainder when 18 is divided by y?
3
Let v(l) = l**3 - 6*l**2 + 13*l - 14. Let m be v(4). Suppose -m*c + 0*c = -102. What is the remainder when 101 is divided by c?
16
Let l = 35 + -29. Suppose 189 = 3*t + l*t. Calculate the remainder when t is divided by 6.
3
Let v be (-6 - -2)/2 + 6. Suppose -c = -v*c + 48. Let k = c - -15. Calculate the remainder when k is divided by 11.
9
Let c(l) = -l**2 - 17*l - 12. What is the remainder when c(-9) is divided by 34?
26
Suppose -3*b + 20 = f, -60 = -7*f + 4*f + 5*b. Let g = 68 + f. Calculate the remainder when g is divided by 31.
26
Let y = -37 + 19. Let a = -10 - -24. What is the remainder when a is divided by (-8)/3*y/12?
2
Let w = 110 - -34. Calculate the remainder when w is divided by 25.
19
Let k(n) = -15*n - 29. What is the remainder when k(-5) is divided by 12?
10
Let l(y) = 48*y**2 + 4*y + 18. Let m(h) = -49*h**2 - 3*h - 19. Let s(f) = 6*l(f) + 5*m(f). What is the remainder when s(-2) is divided by 42?
41
Let d(f) = 7*f - 40. Suppose -14 - 92 = -j. Calculate the remainder when j is divided by d(11).
32
Let s = -7 - -9. Suppose b = s*b. Suppose -5*k + 30 + 0 = b. What is the remainder when 17 is divided by k?
5
Suppose -3*u + 1 = 25. Let d(r) = -2*r - 14. Let v(k) = -3*k - 21. Let o(g) = u*d(g) + 5*v(g). Calculate the remainder when 46 is divided by o(5).
10
Let p(k) = k**2 + 11*k + 14. Let n(i) = -3*i**2 - 33*i - 42. Let w(v) = 4*n(v) + 11*p(v). What is the remainder when 68 is divided by w(-7)?
12
Calculate the remainder when ((-276)/8)/(-23)*70/3 is divided by 31.
4
Let m(f) = 5*f - 2. Let l be m(1). Let v(w) = 4*w**3 - 2*w**2 + w - 4. Calculate the remainder when v(l) is divided by 30.
29
Let h(p) = -p**3 - p**2 - p + 4. Let w = -78 - -101. What is the remainder when w is divided by h(0)?
3
Let m = 83 - 81. Suppose 2*x + 3*a = 62, 0 = -2*x - 2*a - m*a + 58. Let n(w) = 4*w. Calculate the remainder when x is divided by n(5).
17
Let u = -9 + 59. Calculate the remainder when 196 is divided by u.
46
Let j = -126 - -134. Suppose -j*a + 247 = -89. Calculate the remainder when a is divided by 15.
12
Suppose 26*v = 57*v - 403. Suppose 5*z = -20, 0*z = 4*d - 3*z - 28. What is the remainder when v is divided by d?
1
Let w = 26 - 77. Let s = w + 84. Calculate the remainder when s is divided by 17.
16
Let b = -176 + 186. Calculate the remainder when 25 is divided by b.
5
Suppose -7*v - 159 = -10*v. Suppose 0*u - 14 = -u. Calculate the remainder when v is divided by u.
11
Let i(z) = -3*z - 5. Let y be i(-8). Suppose 5*c = -4*k + 26, 3*k + 5*c = c + y. Suppose 71 = 6*s - 79. What is the remainder when s is divided by k?
7
What is the remainder when -1 + (-8)/4 + 9 - -269 is divided by 64?
19
Suppose 48*j - 7471 + 2191 = 0. Calculate the remainder when j is divided by 40.
30
Let a(n) = -n**3 - 8*n**2 - 42*n - 22. Calculate the remainder when a(-9) is divided by 6.
5
Suppose h - 50 = -n, 4*h + 8*n = 3*n + 198. Let r = 20 + -17. Suppose r*d - 4*d + 27 = 0. Calculate the remainder when h is divided by d.
25
Let s = 19 - 9. Suppose p + 2*p = -3*j - 18, 2*j = -8. Let l(o) = -15*o + 7. Calculate the remainder when l(p) is divided by s.
7
Suppose z + 100 = 5*x, 0*x + 62 = 3*x - z. What is the remainder when x is divided by (5 + -1 + (-4 - 10))*-1?
9
Let n = -57 - -56. Suppose 2*z - 4*a - 8 = 0, z + 11 = 5*z - 3*a. What is the remainder when 20 is divided by (-33)/(-3) + n - z?
4
Suppose 2*c - 26 = -2*s, 0 = -3*s - 2*s + 2*c + 44. Let p(t) = t**2 - 5*t + 4. What is the remainder when p(s) is divided by 29?
25
Let c(g) = g - 11. Let o be c(7). Let s(b) = -2*b**3 - 3*b**2 + 2*b + 4. What is the remainder when s(o) is divided by 27?
22
Let b = -4 - 0. Let h(x) = x**2 - x - 5. Let z be h(b). Let m = z + 18. What is the remainder when 131 is divided by m?
32
Suppose -4 + 6 = z. Suppose z = 3*y - 13. Calculate the remainder when 17 is divided by 15/y*(5 + -2).
8
Calculate the remainder when (-6140)/(-15)*(-84)/(-56) is divided by 15.
14
Let w = 16 + -16. Let q be 1*((1 - w) + 2). Suppose -2*f = 4*o - 76, -3*o + q*f + f = -35. Calculate the remainder when o is divided by 9.
8
Suppose -4*g = -6*g + 264. Suppose 5*p - g = p. Suppose -3*y - 5*v + p = -2*y, -5*v = -20. What is the remainder when y is divided by 7?
6
What is the remainder when 76*4 + (-2 + 1 - -1) is divided by 77?
73
Suppose 15*j + 84 = 19*j. Let s = -8 + j. What is the remainder when 21 is divided by s?
8
Suppose -79 = 5*p - 799. Suppose -5*k + 101 - 302 = -4*f, 0 = -3*f - 3*k + p. Calculate the remainder when f is divided by 13.
10
Let r = -98 + 68. Calculate the remainder when (-45)/r*((-360)/(-2))/2 is divided by 17.
16
What is the remainder when 987 is divided by (-2316)/(-180) - 4/(-30)?
12
Let s = 25 - 16. Suppose u = 3*u + 16. What is the remainder when -51*u/12*1 is divided by s?
7
Let k be 1/(1/365*5). Let r = -43 + k. What is the remainder when r is divided by 17?
13
Let i be 2 + (-49 + -2 - -4). Let k = -12 - i. What is the remainder when k is divided by 18?
15
Let l(w) = w**2 - 20*w - 3. What is the remainder when l(21) is divided by 7?
4
Let r(k) = 12*k - 3. What is the remainder when 43 is divided by r(2)?
1
Let b be (1 - 1)/(-2 - -4). Suppose -3*l + 4*x + 435 = 3*x, 5*x + 435 = 3*l. Suppose b = 4*z - l - 119. Calculate the remainder when z is divided by 23.
20
Suppose w = 4*w + 3*h - 60, -h = -2*w + 25. What is the remainder when 133 is divided by w?
13
Suppose 0 = -3*a + 3*b - 768, -a + 1287 = -6*a - 2*b. Let q = -144 - a. Calculate the remainder when q is divided by 29.
26
Suppose -344 + 218 = -14*t. What is the remainder when 557 is divided by t?
8
Let d be 1/(-4 + 63/15). Suppose 40 = -3*i + 5*i - 4*u, 5*i = d*u + 125. Let n = 252 - 135. What is the remainder when n is divided by i?
27
Let s = 25 - 8. Suppose 3*r + 3*g - 14 = -5, 3*r - 5*g - s = 0. Let c(i) = i**3 - i**2 + 1. Calculate the remainder when c(3) is divided by r.
3
Suppose 5*k - 40 = 4*u, 3*k - 85 = -3*u - 34. Calculate the remainder when 52 is divided by k.
4
Suppose 25*p - 4901 = 949. Calculate the remainder when p is divided by 57.
6
Let w = -510 + 516. What is the remainder when w is divided by ((-9)/(-4))/(6/16)?
0
What is the remainder when 115 is divided by (10/(-3))/(8/(-72)*2)?
10
Let o(t) = -t**2 - 8*t + 1. Calculate the remainder when (-1144)/(-260) - (-6)/(-15) is divided by o(-8).
0
Let t(p) = -p**2 + p + 70. Calculate the remainder when 431 is divided by t(-7).
11
Let s = 119 + -82. Let u = -21 - -36. What is the remainder when s is divided by u?
7
Let k = -15 - -45. Suppose k = -21*j + 26*j. Calculate the remainder when 29 is divided by j.
5
Suppose 7*x - 1333 - 1548 = -3*t, 4*x + 3*t = 1645. Calculate the remainder when x is divided by 60.
52
Suppose 21*b = 20*b + 54. Let i = b + -40. Calculate the remainder when i is divided by 4.
2
Calculate the remainder when (15/(-12))/((-2)/40) is divided by (6/8)/((-51)/(-476)).
4
Suppose 2*u = -y - 11, -4*u - 5*y - 16 = -y. Let k(c) = -c - 2. Let l be k(u). Suppose 12 = l*s - 43. Calculate the remainder when 30 is divided by s.
8
Let c(a) = -10*a - 2 + 0 + 1 + 8. Calculate the remainder when c(-3) is divided by 8.
5
Suppose -10*s + 11*s = 2134. Suppose 3*v = 4*v - 4. What is the remainder when s/110 - (-2)/(-5) is divided by v?
3
Suppose -3*x + 4*x = 3*v - 9, -4*x = -5*v + 22. Calculate the remainder when 20 is divided by 7 + 12/x + 8.
9
Let u be 226/(-4) + 7/(-14). Let r = -44 - u. What is the remainder when r is divided by 7?
6
Let l(a) = 2*a**2 + 3*a. Let d(y) be the third derivative of -y**5/60 - y**4/4 - y**3/2 - y**2. Calculate the remainder when l(-3) is divided by d(-4).
4
Suppose -v + 77 = 2*v - 5*k, 0 = -v + 2*k + 24. Let g(o) = o**3 + 5*o**2 - 5*o + 1. Calculate the remainder when v is divided by g(2).
15
Suppose -191 = -5*l + d + 72, -3*l + 4*d = -151. Let f = l - 14. Calculate the remainder when f is divided by 10.
9
Let a = 13 + 25. Suppose 3*s - a = -4*j, -19 = s - 5*j - 0*j. Let p = -2 - -10. What is the remainder when p is divided by s